{"id":761,"date":"2024-01-08T16:59:37","date_gmt":"2024-01-08T15:59:37","guid":{"rendered":"https:\/\/frabeg.die-seitenschmiede.de\/?page_id=761"},"modified":"2026-03-19T20:51:28","modified_gmt":"2026-03-19T19:51:28","slug":"impressum","status":"publish","type":"page","link":"https:\/\/www.frabeg.de\/index.php\/impressum\/","title":{"rendered":"Impressum"},"content":{"rendered":"<style>.wp-block-kadence-advancedheading.kt-adv-heading761_f5bb74-57, .wp-block-kadence-advancedheading.kt-adv-heading761_f5bb74-57[data-kb-block=\"kb-adv-heading761_f5bb74-57\"]{font-style:normal;}.wp-block-kadence-advancedheading.kt-adv-heading761_f5bb74-57 mark.kt-highlight, .wp-block-kadence-advancedheading.kt-adv-heading761_f5bb74-57[data-kb-block=\"kb-adv-heading761_f5bb74-57\"] mark.kt-highlight{font-style:normal;color:#f76a0c;-webkit-box-decoration-break:clone;box-decoration-break:clone;padding-top:0px;padding-right:0px;padding-bottom:0px;padding-left:0px;}.wp-block-kadence-advancedheading.kt-adv-heading761_f5bb74-57 img.kb-inline-image, .wp-block-kadence-advancedheading.kt-adv-heading761_f5bb74-57[data-kb-block=\"kb-adv-heading761_f5bb74-57\"] img.kb-inline-image{width:150px;vertical-align:baseline;}<\/style>\n<h1 class=\"kt-adv-heading761_f5bb74-57 wp-block-kadence-advancedheading\" data-kb-block=\"kb-adv-heading761_f5bb74-57\">Impressum<\/h1>\n\n\n\n<h2 class=\"wp-block-heading\">Angaben gem\u00e4\u00df \u00a7 5 TMG<\/h2>\n\n\n\n<p>FraBeG Frankfurter B\u00fcrgerenergiegenossenschaft eG<br>Zur Kalbacher H\u00f6he 56<br>60438 Frankfurt<\/p>\n\n\n\n<p>Genossenschaftsregister: GnR 8263<br>Registergericht: Genossenschaftsregister beim Amtsgericht Frankfurt am Main<\/p>\n\n\n\n<p><strong>Vertreten durch den Vorstand:<\/strong><br>Markus Schaufler<br>Lothar Stanka<br>Christian Stenglein<br><\/p>\n\n\n\n<p><strong>Vorsitzender des Aufsichtsrats:<\/strong><br>Andreas Heming<\/p>\n\n\n\n<h2 class=\"wp-block-heading\">Kontakt<\/h2>\n\n\n\n<p>E-Mail: info@frabeg.de<\/p>\n\n\n\n<h2 class=\"wp-block-heading\">Umsatzsteuer-ID<\/h2>\n\n\n\n<p>Umsatzsteuer-Identifikationsnummer gem\u00e4\u00df \u00a7 27 a Umsatzsteuergesetz:<br>DE370447375<\/p>\n\n\n\n<h2 class=\"wp-block-heading\">Redaktionell verantwortlich<\/h2>\n\n\n\n<p>FraBeG Frankfurter B\u00fcrgerenergiegenossenschaft eG<br>Zur Kalbacher H\u00f6he 56<br>60438 Frankfurt<\/p>\n\n\n\n<h2 class=\"wp-block-heading\">EU-Streitschlichtung<\/h2>\n\n\n\n<p>Die Europ\u00e4ische Kommission stellt eine Plattform zur Online-Streitbeilegung (OS) bereit: <a href=\"https:\/\/ec.europa.eu\/consumers\/odr\/\" target=\"_blank\" rel=\"noreferrer noopener\">https:\/\/ec.europa.eu\/consumers\/odr\/<\/a>.<br>Unsere E-Mail-Adresse finden Sie oben im Impressum.<\/p>\n\n\n\n<h2 class=\"wp-block-heading\">Externe Links<\/h2>\n\n\n\n<p>Diese Website enth\u00e4lt Links zu externen Websites Dritter. F\u00fcr die Inhalte der verlinkten Seiten sind ausschlie\u00dflich deren Betreiber verantwortlich. Zum Zeitpunkt der Verlinkung wurden die externen Inhalte auf m\u00f6gliche Rechtsverst\u00f6\u00dfe \u00fcberpr\u00fcft; rechtswidrige Inhalte waren nicht erkennbar. Sollten uns nachtr\u00e4glich rechtswidrige Inhalte bekannt werden, entfernen wir die entsprechenden Links umgehend.<\/p>\n\n\n<style>.kb-row-layout-id761_2fbd41-e9 > .kt-row-column-wrap{align-content:start;}:where(.kb-row-layout-id761_2fbd41-e9 > .kt-row-column-wrap) > .wp-block-kadence-column{justify-content:start;}.kb-row-layout-id761_2fbd41-e9 > .kt-row-column-wrap{column-gap:var(--global-kb-gap-md, 2rem);row-gap:var(--global-kb-gap-md, 2rem);padding-top:var(--global-kb-spacing-sm, 1.5rem);padding-bottom:var(--global-kb-spacing-sm, 1.5rem);grid-template-columns:minmax(0, 1fr);}.kb-row-layout-id761_2fbd41-e9 > .kt-row-layout-overlay{opacity:0.30;}@media all and (max-width: 1024px){.kb-row-layout-id761_2fbd41-e9 > .kt-row-column-wrap{grid-template-columns:minmax(0, 1fr);}}@media all and (max-width: 767px){.kb-row-layout-id761_2fbd41-e9 > .kt-row-column-wrap{grid-template-columns:minmax(0, 1fr);}}<\/style><div class=\"kb-row-layout-wrap kb-row-layout-id761_2fbd41-e9 alignnone wp-block-kadence-rowlayout\"><div class=\"kt-row-column-wrap kt-has-1-columns kt-row-layout-equal kt-tab-layout-inherit kt-mobile-layout-row kt-row-valign-top\">\n<style>.kadence-column761_bb0927-10 > .kt-inside-inner-col,.kadence-column761_bb0927-10 > .kt-inside-inner-col:before{border-top-left-radius:0px;border-top-right-radius:0px;border-bottom-right-radius:0px;border-bottom-left-radius:0px;}.kadence-column761_bb0927-10 > .kt-inside-inner-col{column-gap:var(--global-kb-gap-sm, 1rem);}.kadence-column761_bb0927-10 > .kt-inside-inner-col{flex-direction:column;}.kadence-column761_bb0927-10 > .kt-inside-inner-col > .aligncenter{width:100%;}.kadence-column761_bb0927-10 > .kt-inside-inner-col:before{opacity:0.3;}.kadence-column761_bb0927-10{position:relative;}@media all and (max-width: 1024px){.kadence-column761_bb0927-10 > .kt-inside-inner-col{flex-direction:column;justify-content:center;}}@media all and (max-width: 767px){.kadence-column761_bb0927-10 > .kt-inside-inner-col{flex-direction:column;justify-content:center;}}<\/style>\n<div class=\"wp-block-kadence-column kadence-column761_bb0927-10\"><div class=\"kt-inside-inner-col\"><\/div><\/div>\n\n<\/div><\/div>\n\n\n<p><\/p>\n","protected":false},"excerpt":{"rendered":"<p>Impressum Angaben gem\u00e4\u00df \u00a7 5 TMG FraBeG Frankfurter B\u00fcrgerenergiegenossenschaft eGZur Kalbacher H\u00f6he 5660438 Frankfurt Genossenschaftsregister: GnR 8263Registergericht: Genossenschaftsregister beim Amtsgericht Frankfurt am Main Vertreten durch den Vorstand:Markus SchauflerLothar StankaChristian Stenglein Vorsitzender des Aufsichtsrats:Andreas Heming Kontakt E-Mail: info@frabeg.de Umsatzsteuer-ID Umsatzsteuer-Identifikationsnummer gem\u00e4\u00df \u00a7 27 a Umsatzsteuergesetz:DE370447375 Redaktionell verantwortlich FraBeG Frankfurter B\u00fcrgerenergiegenossenschaft eGZur Kalbacher H\u00f6he 5660438 Frankfurt EU-Streitschlichtung&#8230;<\/p>\n","protected":false},"author":1,"featured_media":0,"parent":0,"menu_order":0,"comment_status":"closed","ping_status":"closed","template":"","meta":{"_kadence_starter_templates_imported_post":false,"_kad_post_transparent":"","_kad_post_title":"","_kad_post_layout":"normal","_kad_post_sidebar_id":"","_kad_post_content_style":"","_kad_post_vertical_padding":"","_kad_post_feature":"","_kad_post_feature_position":"","_kad_post_header":false,"_kad_post_footer":false,"_kad_post_classname":"","footnotes":""},"class_list":["post-761","page","type-page","status-publish","hentry"],"yoast_head":"<!-- This site is optimized with the Yoast SEO plugin v27.4 - https:\/\/yoast.com\/product\/yoast-seo-wordpress\/ -->\n<title>Impressum - Frankfurter B\u00fcrgerenergiegenossenschaft eG<\/title>\n<meta name=\"robots\" content=\"index, follow, max-snippet:-1, max-image-preview:large, max-video-preview:-1\" \/>\n<link rel=\"canonical\" href=\"https:\/\/www.frabeg.de\/index.php\/impressum\/\" \/>\n<script type=\"application\/ld+json\" class=\"yoast-schema-graph\">{\"@context\":\"https:\\\/\\\/schema.org\",\"@graph\":[{\"@type\":\"WebPage\",\"@id\":\"https:\\\/\\\/www.frabeg.de\\\/index.php\\\/impressum\\\/\",\"url\":\"https:\\\/\\\/www.frabeg.de\\\/index.php\\\/impressum\\\/\",\"name\":\"Impressum - Frankfurter B\u00fcrgerenergiegenossenschaft eG\",\"isPartOf\":{\"@id\":\"https:\\\/\\\/www.frabeg.de\\\/#website\"},\"datePublished\":\"2024-01-08T15:59:37+00:00\",\"dateModified\":\"2026-03-19T19:51:28+00:00\",\"breadcrumb\":{\"@id\":\"https:\\\/\\\/www.frabeg.de\\\/index.php\\\/impressum\\\/#breadcrumb\"},\"inLanguage\":\"de\",\"potentialAction\":[{\"@type\":\"ReadAction\",\"target\":[\"https:\\\/\\\/www.frabeg.de\\\/index.php\\\/impressum\\\/\"]}]},{\"@type\":\"BreadcrumbList\",\"@id\":\"https:\\\/\\\/www.frabeg.de\\\/index.php\\\/impressum\\\/#breadcrumb\",\"itemListElement\":[{\"@type\":\"ListItem\",\"position\":1,\"name\":\"Startseite\",\"item\":\"https:\\\/\\\/www.frabeg.de\\\/\"},{\"@type\":\"ListItem\",\"position\":2,\"name\":\"Impressum\"}]},{\"@type\":\"WebSite\",\"@id\":\"https:\\\/\\\/www.frabeg.de\\\/#website\",\"url\":\"https:\\\/\\\/www.frabeg.de\\\/\",\"name\":\"Frankfurter B\u00fcrgerenergiegenossenschaft eG\",\"description\":\"Seien sie bei der Energiewende dabei\",\"publisher\":{\"@id\":\"https:\\\/\\\/www.frabeg.de\\\/#organization\"},\"potentialAction\":[{\"@type\":\"SearchAction\",\"target\":{\"@type\":\"EntryPoint\",\"urlTemplate\":\"https:\\\/\\\/www.frabeg.de\\\/?s={search_term_string}\"},\"query-input\":{\"@type\":\"PropertyValueSpecification\",\"valueRequired\":true,\"valueName\":\"search_term_string\"}}],\"inLanguage\":\"de\"},{\"@type\":\"Organization\",\"@id\":\"https:\\\/\\\/www.frabeg.de\\\/#organization\",\"name\":\"Frankfurter B\u00fcrgerenergiegenossenschaft eG\",\"url\":\"https:\\\/\\\/www.frabeg.de\\\/\",\"logo\":{\"@type\":\"ImageObject\",\"inLanguage\":\"de\",\"@id\":\"https:\\\/\\\/www.frabeg.de\\\/#\\\/schema\\\/logo\\\/image\\\/\",\"url\":\"https:\\\/\\\/www.frabeg.de\\\/wp-content\\\/uploads\\\/2024\\\/05\\\/ar_FRB_LCI_Logo-C-04-b-HiRes_freistell_NEBENeinander_UM_0180424.png\",\"contentUrl\":\"https:\\\/\\\/www.frabeg.de\\\/wp-content\\\/uploads\\\/2024\\\/05\\\/ar_FRB_LCI_Logo-C-04-b-HiRes_freistell_NEBENeinander_UM_0180424.png\",\"width\":8000,\"height\":3000,\"caption\":\"Frankfurter B\u00fcrgerenergiegenossenschaft eG\"},\"image\":{\"@id\":\"https:\\\/\\\/www.frabeg.de\\\/#\\\/schema\\\/logo\\\/image\\\/\"}}]}<\/script>\n<!-- \/ Yoast SEO plugin. -->","yoast_head_json":{"title":"Impressum - Frankfurter B\u00fcrgerenergiegenossenschaft eG","robots":{"index":"index","follow":"follow","max-snippet":"max-snippet:-1","max-image-preview":"max-image-preview:large","max-video-preview":"max-video-preview:-1"},"canonical":"https:\/\/www.frabeg.de\/index.php\/impressum\/","schema":{"@context":"https:\/\/schema.org","@graph":[{"@type":"WebPage","@id":"https:\/\/www.frabeg.de\/index.php\/impressum\/","url":"https:\/\/www.frabeg.de\/index.php\/impressum\/","name":"Impressum - Frankfurter B\u00fcrgerenergiegenossenschaft eG","isPartOf":{"@id":"https:\/\/www.frabeg.de\/#website"},"datePublished":"2024-01-08T15:59:37+00:00","dateModified":"2026-03-19T19:51:28+00:00","breadcrumb":{"@id":"https:\/\/www.frabeg.de\/index.php\/impressum\/#breadcrumb"},"inLanguage":"de","potentialAction":[{"@type":"ReadAction","target":["https:\/\/www.frabeg.de\/index.php\/impressum\/"]}]},{"@type":"BreadcrumbList","@id":"https:\/\/www.frabeg.de\/index.php\/impressum\/#breadcrumb","itemListElement":[{"@type":"ListItem","position":1,"name":"Startseite","item":"https:\/\/www.frabeg.de\/"},{"@type":"ListItem","position":2,"name":"Impressum"}]},{"@type":"WebSite","@id":"https:\/\/www.frabeg.de\/#website","url":"https:\/\/www.frabeg.de\/","name":"Frankfurter B\u00fcrgerenergiegenossenschaft eG","description":"Seien sie bei der Energiewende dabei","publisher":{"@id":"https:\/\/www.frabeg.de\/#organization"},"potentialAction":[{"@type":"SearchAction","target":{"@type":"EntryPoint","urlTemplate":"https:\/\/www.frabeg.de\/?s={search_term_string}"},"query-input":{"@type":"PropertyValueSpecification","valueRequired":true,"valueName":"search_term_string"}}],"inLanguage":"de"},{"@type":"Organization","@id":"https:\/\/www.frabeg.de\/#organization","name":"Frankfurter B\u00fcrgerenergiegenossenschaft eG","url":"https:\/\/www.frabeg.de\/","logo":{"@type":"ImageObject","inLanguage":"de","@id":"https:\/\/www.frabeg.de\/#\/schema\/logo\/image\/","url":"https:\/\/www.frabeg.de\/wp-content\/uploads\/2024\/05\/ar_FRB_LCI_Logo-C-04-b-HiRes_freistell_NEBENeinander_UM_0180424.png","contentUrl":"https:\/\/www.frabeg.de\/wp-content\/uploads\/2024\/05\/ar_FRB_LCI_Logo-C-04-b-HiRes_freistell_NEBENeinander_UM_0180424.png","width":8000,"height":3000,"caption":"Frankfurter B\u00fcrgerenergiegenossenschaft eG"},"image":{"@id":"https:\/\/www.frabeg.de\/#\/schema\/logo\/image\/"}}]}},"_links":{"self":[{"href":"https:\/\/www.frabeg.de\/index.php\/wp-json\/wp\/v2\/pages\/761","targetHints":{"allow":["GET"]}}],"collection":[{"href":"https:\/\/www.frabeg.de\/index.php\/wp-json\/wp\/v2\/pages"}],"about":[{"href":"https:\/\/www.frabeg.de\/index.php\/wp-json\/wp\/v2\/types\/page"}],"author":[{"embeddable":true,"href":"https:\/\/www.frabeg.de\/index.php\/wp-json\/wp\/v2\/users\/1"}],"replies":[{"embeddable":true,"href":"https:\/\/www.frabeg.de\/index.php\/wp-json\/wp\/v2\/comments?post=761"}],"version-history":[{"count":15,"href":"https:\/\/www.frabeg.de\/index.php\/wp-json\/wp\/v2\/pages\/761\/revisions"}],"predecessor-version":[{"id":1848,"href":"https:\/\/www.frabeg.de\/index.php\/wp-json\/wp\/v2\/pages\/761\/revisions\/1848"}],"wp:attachment":[{"href":"https:\/\/www.frabeg.de\/index.php\/wp-json\/wp\/v2\/media?parent=761"}],"curies":[{"name":"wp","href":"https:\/\/api.w.org\/{rel}","templated":true}]}}

<style>.wp-block-kadence-advancedheading.kt-adv-heading761_f5bb74-57, .wp-block-kadence-advancedheading.kt-adv-heading761_f5bb74-57[data-kb-block="kb-adv-heading761_f5bb74-57"]{font-style:normal;}.wp-block-kadence-advancedheading.kt-adv-heading761_f5bb74-57 mark.kt-highlight, .wp-block-kadence-advancedheading.kt-adv-heading761_f5bb74-57[data-kb-block="kb-adv-heading761_f5bb74-57"] mark.kt-highlight{font-style:normal;color:#f76a0c;-webkit-box-decoration-break:clone;box-decoration-break:clone;padding-top:0px;padding-right:0px;padding-bottom:0px;padding-left:0px;}.wp-block-kadence-advancedheading.kt-adv-heading761_f5bb74-57 img.kb-inline-image, .wp-block-kadence-advancedheading.kt-adv-heading761_f5bb74-57[data-kb-block="kb-adv-heading761_f5bb74-57"] img.kb-inline-image{width:150px;vertical-align:baseline;}</style>
<h1 class="kt-adv-heading761_f5bb74-57 wp-block-kadence-advancedheading" data-kb-block="kb-adv-heading761_f5bb74-57">Impressum</h1>



<h2 class="wp-block-heading">Angaben gemäß § 5 TMG</h2>



<p>FraBeG Frankfurter Bürgerenergiegenossenschaft eG<br>Zur Kalbacher Höhe 56<br>60438 Frankfurt</p>



<p>Genossenschaftsregister: GnR 8263<br>Registergericht: Genossenschaftsregister beim Amtsgericht Frankfurt am Main</p>



<p><strong>Vertreten durch den Vorstand:</strong><br>Markus Schaufler<br>Lothar Stanka<br>Christian Stenglein<br></p>



<p><strong>Vorsitzender des Aufsichtsrats:</strong><br>Andreas Heming</p>



<h2 class="wp-block-heading">Kontakt</h2>



<p>E-Mail: info@frabeg.de</p>



<h2 class="wp-block-heading">Umsatzsteuer-ID</h2>



<p>Umsatzsteuer-Identifikationsnummer gemäß § 27 a Umsatzsteuergesetz:<br>DE370447375</p>



<h2 class="wp-block-heading">Redaktionell verantwortlich</h2>



<p>FraBeG Frankfurter Bürgerenergiegenossenschaft eG<br>Zur Kalbacher Höhe 56<br>60438 Frankfurt</p>



<h2 class="wp-block-heading">EU-Streitschlichtung</h2>



<p>Die Europäische Kommission stellt eine Plattform zur Online-Streitbeilegung (OS) bereit: <a href="https://ec.europa.eu/consumers/odr/" target="_blank" rel="noreferrer noopener">https://ec.europa.eu/consumers/odr/</a>.<br>Unsere E-Mail-Adresse finden Sie oben im Impressum.</p>



<h2 class="wp-block-heading">Externe Links</h2>



<p>Diese Website enthält Links zu externen Websites Dritter. Für die Inhalte der verlinkten Seiten sind ausschließlich deren Betreiber verantwortlich. Zum Zeitpunkt der Verlinkung wurden die externen Inhalte auf mögliche Rechtsverstöße überprüft; rechtswidrige Inhalte waren nicht erkennbar. Sollten uns nachträglich rechtswidrige Inhalte bekannt werden, entfernen wir die entsprechenden Links umgehend.</p>


<style>.kb-row-layout-id761_2fbd41-e9 > .kt-row-column-wrap{align-content:start;}:where(.kb-row-layout-id761_2fbd41-e9 > .kt-row-column-wrap) > .wp-block-kadence-column{justify-content:start;}.kb-row-layout-id761_2fbd41-e9 > .kt-row-column-wrap{column-gap:var(--global-kb-gap-md, 2rem);row-gap:var(--global-kb-gap-md, 2rem);padding-top:var(--global-kb-spacing-sm, 1.5rem);padding-bottom:var(--global-kb-spacing-sm, 1.5rem);grid-template-columns:minmax(0, 1fr);}.kb-row-layout-id761_2fbd41-e9 > .kt-row-layout-overlay{opacity:0.30;}@media all and (max-width: 1024px){.kb-row-layout-id761_2fbd41-e9 > .kt-row-column-wrap{grid-template-columns:minmax(0, 1fr);}}@media all and (max-width: 767px){.kb-row-layout-id761_2fbd41-e9 > .kt-row-column-wrap{grid-template-columns:minmax(0, 1fr);}}</style><div class="kb-row-layout-wrap kb-row-layout-id761_2fbd41-e9 alignnone wp-block-kadence-rowlayout"><div class="kt-row-column-wrap kt-has-1-columns kt-row-layout-equal kt-tab-layout-inherit kt-mobile-layout-row kt-row-valign-top">
<style>.kadence-column761_bb0927-10 > .kt-inside-inner-col,.kadence-column761_bb0927-10 > .kt-inside-inner-col:before{border-top-left-radius:0px;border-top-right-radius:0px;border-bottom-right-radius:0px;border-bottom-left-radius:0px;}.kadence-column761_bb0927-10 > .kt-inside-inner-col{column-gap:var(--global-kb-gap-sm, 1rem);}.kadence-column761_bb0927-10 > .kt-inside-inner-col{flex-direction:column;}.kadence-column761_bb0927-10 > .kt-inside-inner-col > .aligncenter{width:100%;}.kadence-column761_bb0927-10 > .kt-inside-inner-col:before{opacity:0.3;}.kadence-column761_bb0927-10{position:relative;}@media all and (max-width: 1024px){.kadence-column761_bb0927-10 > .kt-inside-inner-col{flex-direction:column;justify-content:center;}}@media all and (max-width: 767px){.kadence-column761_bb0927-10 > .kt-inside-inner-col{flex-direction:column;justify-content:center;}}</style>
<div class="wp-block-kadence-column kadence-column761_bb0927-10"><div class="kt-inside-inner-col"></div></div>

</div></div>


<p></p>

<p>Impressum Angaben gemäß § 5 TMG FraBeG Frankfurter Bürgerenergiegenossenschaft eGZur Kalbacher Höhe 5660438 Frankfurt Genossenschaftsregister: GnR 8263Registergericht: Genossenschaftsregister beim Amtsgericht Frankfurt am Main Vertreten durch den Vorstand:Markus SchauflerLothar StankaChristian Stenglein Vorsitzender des Aufsichtsrats:Andreas Heming Kontakt E-Mail: info@frabeg.de Umsatzsteuer-ID Umsatzsteuer-Identifikationsnummer gemäß § 27 a Umsatzsteuergesetz:DE370447375 Redaktionell verantwortlich FraBeG Frankfurter Bürgerenergiegenossenschaft eGZur Kalbacher Höhe 5660438 Frankfurt EU-Streitschlichtung&#8230;</p>

<!-- This site is optimized with the Yoast SEO plugin v27.4 - https://yoast.com/product/yoast-seo-wordpress/ -->
<title>Impressum - Frankfurter Bürgerenergiegenossenschaft eG</title>
<meta name="robots" content="index, follow, max-snippet:-1, max-image-preview:large, max-video-preview:-1" />
<link rel="canonical" href="https://www.frabeg.de/index.php/impressum/" />
<script type="application/ld+json" class="yoast-schema-graph">{"@context":"https:\/\/schema.org","@graph":[{"@type":"WebPage","@id":"https:\/\/www.frabeg.de\/index.php\/impressum\/","url":"https:\/\/www.frabeg.de\/index.php\/impressum\/","name":"Impressum - Frankfurter Bürgerenergiegenossenschaft eG","isPartOf":{"@id":"https:\/\/www.frabeg.de\/#website"},"datePublished":"2024-01-08T15:59:37+00:00","dateModified":"2026-03-19T19:51:28+00:00","breadcrumb":{"@id":"https:\/\/www.frabeg.de\/index.php\/impressum\/#breadcrumb"},"inLanguage":"de","potentialAction":[{"@type":"ReadAction","target":["https:\/\/www.frabeg.de\/index.php\/impressum\/"]}]},{"@type":"BreadcrumbList","@id":"https:\/\/www.frabeg.de\/index.php\/impressum\/#breadcrumb","itemListElement":[{"@type":"ListItem","position":1,"name":"Startseite","item":"https:\/\/www.frabeg.de\/"},{"@type":"ListItem","position":2,"name":"Impressum"}]},{"@type":"WebSite","@id":"https:\/\/www.frabeg.de\/#website","url":"https:\/\/www.frabeg.de\/","name":"Frankfurter Bürgerenergiegenossenschaft eG","description":"Seien sie bei der Energiewende dabei","publisher":{"@id":"https:\/\/www.frabeg.de\/#organization"},"potentialAction":[{"@type":"SearchAction","target":{"@type":"EntryPoint","urlTemplate":"https:\/\/www.frabeg.de\/?s={search_term_string}"},"query-input":{"@type":"PropertyValueSpecification","valueRequired":true,"valueName":"search_term_string"}}],"inLanguage":"de"},{"@type":"Organization","@id":"https:\/\/www.frabeg.de\/#organization","name":"Frankfurter Bürgerenergiegenossenschaft eG","url":"https:\/\/www.frabeg.de\/","logo":{"@type":"ImageObject","inLanguage":"de","@id":"https:\/\/www.frabeg.de\/#\/schema\/logo\/image\/","url":"https:\/\/www.frabeg.de\/wp-content\/uploads\/2024\/05\/ar_FRB_LCI_Logo-C-04-b-HiRes_freistell_NEBENeinander_UM_0180424.png","contentUrl":"https:\/\/www.frabeg.de\/wp-content\/uploads\/2024\/05\/ar_FRB_LCI_Logo-C-04-b-HiRes_freistell_NEBENeinander_UM_0180424.png","width":8000,"height":3000,"caption":"Frankfurter Bürgerenergiegenossenschaft eG"},"image":{"@id":"https:\/\/www.frabeg.de\/#\/schema\/logo\/image\/"}}]}</script>
<!-- / Yoast SEO plugin. -->

Impressum - Frankfurter Bürgerenergiegenossenschaft eG

Frankfurter Bürgerenergiegenossenschaft eG
